 -56. Does 26 divide 5753/a + 6/(-10)?
True
Let z = 133 + 1577. Is 30 a factor of z?
True
Let z(a) = 2*a + 6. Let h be z(5). Let f = -16 + h. Suppose f*d = -3*d + 72. Is d a multiple of 5?
False
Suppose 0 = 4*o - 60. Suppose 14 = -4*j - 4*a + 2, 0 = -3*a - o. Suppose 0 = k + j*k - 72. Is k a multiple of 6?
True
Let u = 110 + -4. Is u a multiple of 24?
False
Suppose -13*l + 55 = -8*l. Suppose 2*f - l = f. Does 5 divide f?
False
Let r(z) = -5*z**3 + 2*z**2 + 2*z + 1. Let c be r(-2). Suppose c + 63 = -6*u. Let f = u + 59. Does 15 divide f?
False
Let s = -314 - -568. Suppose 196 = 6*t - s. Is 8 a factor of t?
False
Let j be 5/(-3 - (-10)/4). Is 7 a factor of 416/10 + (-4)/j?
True
Let b be 2/(-3)*435/(-2). Suppose 5*y - 2*l + 4*l = 154, 5*y - b = -5*l. Is y a multiple of 16?
True
Let o = 168 + -50. Is 36 a factor of o/4*-3*(-14)/7?
False
Let m(y) = -11*y - 46. Let n be m(-2). Let s = -5 + -26. Let a = n - s. Is 7 a factor of a?
True
Suppose 0*j = 5*j - 25. Suppose 0 = j*p - 2*x + 6*x - 265, x = -p + 52. Is 19 a factor of p?
True
Suppose -13 = -2*l + 3. Let g = -112 - -113. Does 4 divide 10*g/10*l?
True
Let c(i) be the second derivative of -1/6*i**3 + 5*i + 0 + 0*i**4 - 1/2*i**2 - 37/20*i**5. Is c(-1) a multiple of 12?
False
Let d be 2*1/((-2)/4). Let q be (34 - d)*(1 + 3). Let b = -86 + q. Does 22 divide b?
True
Let c = 217 - 331. Let v = -83 - c. Is 14 a factor of v?
False
Suppose -2*u = 3*s + 1, u - 5*s + 49 = -2*u. Is 17 a factor of u/(-20) + 1472/20?
False
Suppose -87 - 51 = -4*g - 5*u, -5*g - 2*u = -181. Suppose -4*p = -g - 131. Is 28 a factor of p?
False
Is 17 a factor of (0 + 81)*14/3?
False
Let s(i) = 29*i. Let f be s(1). Suppose -222 = -x - f. Suppose -3*y = -l + 2*y + 60, 3*l - 2*y = x. Is 29 a factor of l?
False
Let c(r) = r - 8. Let i be c(18). Suppose -o = q + 2*o + i, -15 = -5*o. Let x = q - -64. Is x a multiple of 8?
False
Let t = 264 + -588. Let o = -158 - t. Is 55 a factor of o?
False
Let b(n) = 2*n**2 - 7*n - 240. Does 4 divide b(16)?
True
Let q be -9 - (-2 + 0)*1. Let f = q - 0. Is 6 a factor of (f - -9) + (-56)/(-2)?
True
Let r = 3 + -8. Let g = 5 + r. Suppose g = d + 3*d - 112. Is 14 a factor of d?
True
Let a(l) be the first derivative of l**4/4 + l**2 - l - 3. Let g be a(2). Suppose -5*d + 17 = 2*n - g, 4*d = -2*n + 30. Is n a multiple of 5?
False
Let r be -1 - -8 - (2 - 2). Let k be (-1)/((14/(-4))/r). Suppose 50 = n + 2*y + 7, k*y = -2*n + 84. Is 20 a factor of n?
False
Is 3 a factor of -4 + 3 + 13 + -7?
False
Let m = 474 - 441. Is m a multiple of 25?
False
Let v(b) = 52*b**2 - 12*b - 1. Is 3 a factor of v(2)?
True
Is 17 a factor of (-2 + 3)/((-8)/(-14656)*8)?
False
Let n(m) = -15*m + 19. Is 94 a factor of n(-34)?
False
Let f be -1 + -2 + 84/(-2). Let s = 187 + -114. Let i = s + f. Is i a multiple of 14?
True
Suppose 0*u = -2*u + 100. Suppose -5*x + 3*t - 8*t = -u, 54 = 3*x - 5*t. Is 4 a factor of x?
False
Suppose 37*r = 57*r - 12580. Is 31 a factor of r?
False
Let f be (3/(-4))/((-17)/(-272)). Suppose -1 = g - 11. Is 16 a factor of (8/g)/(f/(-720))?
True
Suppose 5 = -k, -5*k + 34 = 3*j - 10*k. Suppose -j*o - 1557 = -12*o. Does 21 divide o?
False
Suppose 61 = q - 2*j, q - 79 = j - 17. Is q a multiple of 9?
True
Suppose 3*f = 3*u + 9, -u - 3*u + 24 = 5*f. Let h be (-45)/(-3)*2/((-10)/(-3)). Suppose -17 = -2*i + b, -f*i + 3*b = -h - 20. Is 8 a factor of i?
False
Suppose 4*m = 22 - 58. Let w(y) = -y**3 - 10*y**2 - 25*y + 3. Is w(m) a multiple of 8?
False
Let k(q) = q**3 - q**2 + 1. Let y(j) = 6*j**3 - 12*j**2 - 2*j + 9. Let o(p) = -4*k(p) + y(p). Does 29 divide o(6)?
False
Let o(s) = s**3 + 16*s**2 + 23*s + 22. Is o(-13) a multiple of 10?
True
Let r be 0 - 0 - (11 - 15). Suppose -4*k + 36 = -r*q, 2*k = k + 2*q + 13. Does 5 divide k?
True
Let x(i) = 1368*i**2 - 18*i - 18. Is 8 a factor of x(-1)?
True
Let b = -1 - -5. Let n = -3 + b. Is 12 a factor of (10 + 3)*n - 1?
True
Suppose -6*k + p + 1874 = -k, -2*p - 8 = 0. Is k a multiple of 22?
True
Suppose 1212 + 4534 = 26*u. Does 35 divide u?
False
Is 13 a factor of 10 - -4423 - (8 - 15)?
False
Let h be 4*-1 + 2 - -10. Let p(l) = -3*l + 11. Let m be p(h). Is (m/2)/((-3)/6) a multiple of 13?
True
Let c be 1470/28 - 2/(-4). Suppose b - c - 7 = 0. Is b a multiple of 15?
True
Let r be 1 + (1 - (-1 - 0)). Suppose -4*s + 3 = r*b, 10 = -s - 5*b - 2. Does 4 divide 10 - 7/(7/s)?
False
Suppose 2*w - 18 = -2*y, 15 = 2*y - 0*y + w. Let z(g) = 6 + g**2 + 5 - 4*g - 1. Does 18 divide z(y)?
False
Let v be ((-50)/4)/(2/(-12)). Suppose v + 105 = 9*t. Is t a multiple of 4?
True
Let i(b) = 4*b**2 - 7*b + 9. Suppose -4*r + 20 = -0*r. Let l be i(r). Let c = l + 18. Is c a multiple of 31?
False
Is 18 a factor of 19/(-114) - (-3674)/(-12)*-1?
True
Let q(b) = -5 - 3*b**2 + 2*b**3 - 4*b**3 + 3*b**3 + 4*b. Does 7 divide q(5)?
False
Suppose -285 = -m - 3*s, 1116 - 326 = 3*m - 4*s. Does 4 divide m?
False
Suppose -744 = -3*k + 336. Is 18 a factor of k?
True
Suppose 0 = -4*x - 8, 3*m - 2*x = 799 - 135. Does 22 divide m?
True
Let d = 49 - 49. Suppose r - 3*r + 140 = d. Is 14 a factor of r?
True
Let m be 6 + 1*(-2 - -1). Suppose 2*y = -5*j - 0*j - 23, -m*j = -y + 11. Does 10 divide (-29)/j + 1/3?
True
Let g(l) be the third derivative of 3*l**4/4 + 4*l**3/3 + 12*l**2. Does 13 divide g(2)?
False
Let r(o) = 171*o + 54. Does 6 divide r(4)?
True
Suppose -4 = -2*i - 0*u + 2*u, 0 = -5*i - 3*u + 18. Suppose 80 = i*t - 5*w, -2*t = -w + 4*w - 66. Does 15 divide t?
True
Let k = 25 + -20. Suppose 0 = -9*w + 4*w - k. Is 6 a factor of (-170)/(-8) - w/(-4)?
False
Let b(x) = x**2 + 22*x. Suppose -5*n - 3*g + 2*g = 135, 2*g = 4*n + 108. Is 27 a factor of b(n)?
True
Let n = 9 - 5. Suppose 0 = -c + u - n*u + 5, -5*c + 5*u = -45. Suppose c*j = 5*j + 186. Is 13 a factor of j?
False
Suppose 0*t = 2*t - 4. Let i be 3/5 + (-1071)/(-15). Suppose -t*p + 120 = 2*a, i = a - p - 4*p. Does 16 divide a?
False
Let q = -26 - -25. Let u be q*(16/(-4) - 1). Let m(i) = -i**3 + 6*i**2 - 3*i + 4. Does 4 divide m(u)?
False
Suppose -4*a + 4*v = -0*v - 84, 0 = 5*a + 5*v - 75. Is a a multiple of 6?
True
Suppose -14713 - 6203 = -18*s. Does 21 divide s?
False
Let v(z) = 5*z**3 - 10*z**2 + 8*z + 57. Does 137 divide v(9)?
False
Let o(p) = p + 1. Let c(r) = 5*r - 8. Let i(w) = c(w) + 3*o(w). Suppose 0 = 2*h - 182 + 174. Is 27 a factor of i(h)?
True
Let w(i) = 2*i + 6. Let y be w(-3). Suppose -f + 2*f = y. Does 3 divide f/(-6 - -1) - -5?
False
Let c = 2160 + 808. Does 14 divide c?
True
Let y be 8*(6/(-4))/(2/4). Is ((-10)/(-1) - 1)*(y + 33) a multiple of 17?
False
Suppose -11*s = -8*s - 159. Suppose u - s = -0*u. Let o = 145 - u. Is 23 a factor of o?
True
Let o(i) be the first derivative of i**4/2 - 2*i**3 - 3*i**2/2 - 5*i + 8. Is o(5) a multiple of 16?
True
Let w = -30 + 100. Is w a multiple of 10?
True
Let g(y) = y**3 + 10*y**2 + 10*y - 11. Let d be g(-6). Let a = d - 58. Does 2 divide a?
False
Let x(a) = a**3 + 20*a**2 - a - 17. Let c be x(-14). Suppose 2*s - 574 + 1752 = 4*j, 0 = 4*j - s - c. Is j a multiple of 37?
False
Let v(u) = u**2. Let a be v(-2). Is 2 a factor of 3/6*38 - a?
False
Let z be ((-72)/42)/(2/(-7)). Suppose -3*v - 75 = -z*v. Let y = 21 + v. Is y a multiple of 13?
False
Let w = 1552 + -1041. Is w a multiple of 58?
False
Let q(a) = 13*a - 99. Let x(s) = -3*s + 25. Let o(g) = 2*q(g) + 9*x(g). Is o(0) a multiple of 27?
True
Let l = 3582 - 2262. Is l a multiple of 8?
True
Let i = -149 - -677. Is 88 a factor of i?
True
Suppose -q + 104 = 101. Suppose -6*t = -2*t - 1172. Suppose 2*p = y + 130, -4*p - q*y - 53 = -t. Is 11 a factor of p?
False
Let n(v) = -137*v - 100. Does 5 divide n(-2)?
False
Suppose 0 = -3*a + 9, z + a - 5 = -2. Let r be (-4)/(-3 - z - -5). Let x = 12 - r. Is 3 a factor of x?
False
Let d(s) = 2*s**2 + 3*s + 7. Let n = 38 - 33. Is d(n) a multiple of 8?
True
Let t(z) = 227*z - 286. Is 19 a factor of t(5)?
False
Let c(d) = d**2. Let g(f) = f**3 + 13*f**2 - 12*f + 7. Let j(s) = -3*c(s) + g(s). Does 2 divide j(-11)?
True
Let i(g) be the first derivative of g**4/4 - 8*g**3/3 + 4*g + 2. Let s be i(8). Suppose 94 = s*k - 2. Is k a multiple of 8?
True
Suppose 0 = -z - 3*t + 81, 0 = -5*z + t - 181 + 538. Suppose 3*s - z = s. Is s a multiple of 4?
True
Let w(r) = -3*r + 249. Is w(23) a multiple of 3?
True
Suppose 0*l + 2668 = 3*h - 5*l, 